{"id":56,"date":"2026-03-17T10:13:34","date_gmt":"2026-03-17T10:13:34","guid":{"rendered":"https:\/\/dehtray.site\/?page_id=56"},"modified":"2026-03-17T10:13:38","modified_gmt":"2026-03-17T10:13:38","slug":"note-legali","status":"publish","type":"page","link":"https:\/\/dehtray.site\/?page_id=56","title":{"rendered":"Note legali"},"content":{"rendered":"\n<p><strong>Dettagli societari di Salvatore Pallonetto<\/strong> Questo sito \u00e8 di propriet\u00e0 di Salvatore Pallonetto e offre servizi di alloggio e ospitalit\u00e0 nella zona di Cagliari.<\/p>\n\n\n\n<p>\u25a3 <strong>Sede legale<\/strong> Via Ungheria 10, 09045 Quartu Sant&#8217;Elena CA, Italia<\/p>\n\n\n\n<p>\u25a3 <strong>Contatti ufficiali<\/strong> Posta elettronica : mail@dehtray.site Marchio : dehtray<\/p>\n\n\n\n<p>\u25a3 <strong>Dati fiscali<\/strong> Codice Fiscale : PLLSVT85P27F839D<\/p>\n\n\n\n<p>\u25a3 <strong>Propriet\u00e0 intellettuale<\/strong> Tutti i contenuti presenti su questo sito inclusi i testi descrittivi e le fotografie delle stanze sono protetti dalle leggi sul diritto d autore. Ogni riproduzione non autorizzata sar\u00e0 perseguita legalmente.<\/p>\n","protected":false},"excerpt":{"rendered":"<p>Dettagli societari di Salvatore Pallonetto Questo sito \u00e8 di propriet\u00e0 di Salvatore Pallonetto e offre &#8230; <\/p>\n<div class=\"text-center\"><a class=\"theme-btn\" href=\"https:\/\/dehtray.site\/?page_id=56\">Read More<\/a><\/div>\n","protected":false},"author":1,"featured_media":0,"parent":0,"menu_order":7,"comment_status":"closed","ping_status":"closed","template":"","meta":{"footnotes":""},"class_list":["post-56","page","type-page","status-publish","hentry"],"_links":{"self":[{"href":"https:\/\/dehtray.site\/index.php?rest_route=\/wp\/v2\/pages\/56","targetHints":{"allow":["GET"]}}],"collection":[{"href":"https:\/\/dehtray.site\/index.php?rest_route=\/wp\/v2\/pages"}],"about":[{"href":"https:\/\/dehtray.site\/index.php?rest_route=\/wp\/v2\/types\/page"}],"author":[{"embeddable":true,"href":"https:\/\/dehtray.site\/index.php?rest_route=\/wp\/v2\/users\/1"}],"replies":[{"embeddable":true,"href":"https:\/\/dehtray.site\/index.php?rest_route=%2Fwp%2Fv2%2Fcomments&post=56"}],"version-history":[{"count":1,"href":"https:\/\/dehtray.site\/index.php?rest_route=\/wp\/v2\/pages\/56\/revisions"}],"predecessor-version":[{"id":57,"href":"https:\/\/dehtray.site\/index.php?rest_route=\/wp\/v2\/pages\/56\/revisions\/57"}],"wp:attachment":[{"href":"https:\/\/dehtray.site\/index.php?rest_route=%2Fwp%2Fv2%2Fmedia&parent=56"}],"curies":[{"name":"wp","href":"https:\/\/api.w.org\/{rel}","templated":true}]}}